s n(-164)?
-7
Let o(p) = -8*p**2 + 11218*p + 1249979. Calculate o(1506).
-1
Let b(n) = -30454*n - 334830. What is b(-11)?
164
Let u(w) = -w**2 - 9558*w - 200293. Determine u(-21).
-16
Let s(g) = -3*g**2 - 678*g + 3463. Determine s(5).
-2
Let a(q) = 2897*q + 373706. Give a(-129).
-7
Let f(j) = -354*j + 4053. Determine f(11).
159
Let b(y) = 3*y**3 + 244*y**2 + 635*y + 6498. Determine b(-79).
20
Let j(n) = -4*n**2 + 210*n + 86. Calculate j(51).
392
Let l(z) = z**2 + 291*z + 20674. Determine l(-167).
-34
Let d(t) = -213*t + 3206. Give d(14).
224
Let z(l) = 81*l**2 - 80*l + 158. Calculate z(5).
1783
Let f(s) = -2*s**3 - 95*s**2 + 576*s - 532. What is f(-53)?
-161
Let c(w) = 86070*w + 1549255. What is c(-18)?
-5
Let y(z) = 40*z**2 - 93*z + 1195. Determine y(11).
5012
Let r(f) = -2*f**2 + 365*f + 1966. What is r(188)?
-102
Let s(v) = v**3 - 69*v**2 - 272*v + 4054. Calculate s(72).
22
Let g(m) = 2*m**3 - 12311*m**2 - 24645*m - 31. Give g(-2).
-1
Let o(z) = -16*z**3 + 78*z**2 + 6*z + 2. Calculate o(5).
-18
Let o(n) = 441*n + 17570. Determine o(-40).
-70
Let i(u) = -950*u**3 - 250801*u**2 - 313*u - 12935. Determine i(-264).
1
Let y(h) = -3*h**2 - 78*h + 13773. Determine y(56).
-3
Let o(k) = -702*k - 46822. Determine o(-67).
212
Let f(t) = 222*t**3 - 268*t**2 - 272*t - 5. Determine f(-1).
-223
Let a(n) = -87247*n - 1744944. Determine a(-20).
-4
Let l(f) = 7*f**3 - 145*f**2 + 130*f - 574. Give l(20).
26
Let h(r) = -r**3 - 55*r**2 + 42*r + 24002. Determine h(-43).
8
Let c(y) = 2*y**3 - 78*y**2 - 602*y + 7174. Determine c(44).
46
Let d(u) = 1735*u + 39930. Give d(-23).
25
Let y(s) = -16*s**2 + 427*s - 854. Determine y(2).
-64
Let f(x) = x**2 + 187*x - 20740. What is f(78)?
-70
Let o(f) = 3*f**3 - 4*f**2 - 221481*f - 221478. Give o(-1).
-4
Let o(k) = -2*k**3 + 231*k**2 + 110*k - 1073. Determine o(116).
-1769
Let t(w) = -18328*w - 3812205. Determine t(-208).
19
Let r(k) = -7*k**2 - 642*k - 1663. What is r(-89)?
28
Let o(c) = 8*c - 1934. What is o(43)?
-1590
Let t(h) = -19*h**2 + 180*h + 2888. Give t(-13).
-2663
Let s(c) = -396*c + 1950. Determine s(8).
-1218
Let s(t) = -3*t**2 + 1158*t + 10676. Determine s(395).
11
Let q(t) = -1838*t**2 - 1309*t + 1309. Calculate q(1).
-1838
Let m(q) = 202*q - 16838. Calculate m(82).
-274
Let k(y) = 756*y + 5998. Determine k(-8).
-50
Let c(s) = -68616*s + 480292. Determine c(7).
-20
Let b(u) = -2*u**2 + 13035*u + 2728532. What is b(-203)?
9
Let a(d) = -2553*d**2 - 23039*d - 562. What is a(-9)?
-4
Let j(u) = 577*u - 93328. Determine j(164).
1300
Let j(x) = 232*x + 6200. What is j(-42)?
-3544
Let p(s) = 2*s**3 - 187*s**2 + 1271*s + 1479. Calculate p(86).
-155
Let j(d) = 365*d - 1089. Give j(5).
736
Let t(d) = 8562*d - 43476. Determine t(5).
-666
Let t(u) = 560*u + 15711. Calculate t(-28).
31
Let w(q) = -1241*q**2 - 36*q - 16. Calculate w(-1).
-1221
Let o(s) = -s**3 + 44*s**2 + 382*s + 33. Give o(-7).
-142
Let m(z) = 125738*z + 15717232. Calculate m(-125).
-18
Let i(j) = -4*j**3 - 46*j**2 + 412*j + 4203. What is i(-13)?
-139
Let h(f) = -f**3 - 81*f**2 - 305*f + 140. Determine h(-77).
-91
Let j(w) = w**3 - 1320*w + 16453. Calculate j(15).
28
Let l(r) = -74485*r - 74308. What is l(-1)?
177
Let l(w) = -768*w + 9621. What is l(14)?
-1131
Let n(l) = -68*l**2 - 4793*l - 9313. Calculate n(-2).
1
Let d(a) = 4845*a + 4726. Give d(-1).
-119
Let k(r) = 27740*r - 27950. Determine k(1).
-210
Let c(d) = 4*d**2 + 125*d - 137. Calculate c(-17).
-1106
Let d(i) = 795*i**2 - 54058*i - 72. Calculate d(68).
64
Let u(b) = 922*b**3 - 22*b**2 - 7*b + 12. Determine u(-1).
-925
Let p(f) = -400*f + 3994. Give p(10).
-6
Let w(v) = 2098*v - 52539. Give w(25).
-89
Let m(p) = -5*p**3 + 1055*p**2 - 1044*p - 866. What is m(210)?
394
Let q(l) = -7856*l**2 - 39260*l + 76. Give q(-5).
-24
Let l(h) = 6897*h - 96461. Determine l(14).
97
Let v(b) = -10*b**3 + 139*b**2 - 508*b - 31. What is v(9)?
-634
Let t(m) = m**3 + 18*m**2 + m + 202. Determine t(-12).
1054
Let n(z) = -53*z**2 - 553*z - 1070. Give n(-2).
-176
Let c(j) = -1430*j + 66416. Give c(46).
636
Let k(n) = n**2 - 3494*n - 5410265. What is k(-1162)?
7
Let h(m) = 128*m + 5096. Determine h(-39).
104
Let q(y) = -66134*y - 198424. Calculate q(-3).
-22
Let h(p) = 8*p**2 - 2873*p - 14340. What is h(-5)?
225
Let m(r) = -1670*r**2 - 122*r + 3. Determine m(-1).
-1545
Let v(q) = 160*q - 1262. Give v(17).
1458
Let s(g) = g**2 - 900*g - 204541. Determine s(-188).
3
Let u(y) = -452*y**2 + 25313*y - 66. Determine u(56).
-10
Let t(r) = 64255*r + 257387. What is t(-4)?
367
Let p(z) = -1079*z - 4325. Determine p(-4).
-9
Let x(a) = -2*a**2 - 98*a + 3583. Give x(24).
79
Let u(p) = p**2 - 71*p - 62573. What is u(-217)?
-77
Let y(r) = -3*r**2 + 2159*r + 51230. Calculate y(-23).
-14
Let i(v) = 732*v - 9547. Determine i(13).
-31
Let y(d) = d**2 + 1533*d + 350584. What is y(-280)?
-256
Let o(s) = 836671*s - 836660. What is o(1)?
11
Let n(r) = 18*r**2 - 496*r + 88. Determine n(29).
842
Let n(c) = 217455*c + 217353. Calculate n(-1).
-102
Let h(x) = x**2 + 67190*x - 806479. Calculate h(12).
-55
Let w(q) = 38*q**2 - 23*q - 121. What is w(-2)?
77
Let d(b) = -b**3 + 28*b**2 - 172*b + 2435. Give d(25).
10
Let v(n) = 20879*n + 313177. Determine v(-15).
-8
Let k(f) = 16*f**3 - 1471*f**2 - 18*f - 6810. Calculate k(92).
-2
Let d(z) = -22*z**2 + 6*z - 29. Give d(-4).
-405
Let n(b) = -203649*b - 7535010. Calculate n(-37).
3
Let c(j) = -4*j**3 + 3*j**2 + 3983*j + 8. Give c(0).
8
Let i(n) = -2*n**3 - 8*n**2 + 15*n + 132. Determine i(-8).
524
Let o(y) = 3*y**3 + 1095*y**2 - 1039*y + 21584. Calculate o(-366).
-10
Let u(n) = 5*n**3 - 26*n**2 - 119*n - 39. Calculate u(-6).
-1341
Let s(f) = 3*f**2 + 153*f - 330. What is s(-51)?
-330
Let u(y) = -y**3 + 24*y**2 + 321*y - 4262. Determine u(30).
-32
Let c(n) = n**2 - 22307*n - 1364415. Give c(-61).
33
Let u(c) = 2649*c + 373495. Give u(-141).
-14
Let g(b) = 8*b**3 - 8*b**2 + 2410*b - 12059. Calculate g(5).
791
Let u(v) = v**3 + 44*v**2 + 253*v - 48. What is u(-7)?
-6
Let s(j) = -28*j**2 + 869*j + 7416. Calculate s(38).
6
Let s(i) = -i**3 + 128*i**2 - 321*i - 714. Determine s(4).
-14
Let j(p) = -11824*p + 94581. Give j(8).
-11
Let k(r) = 99277*r + 496667. What is k(-5)?
282
Let y(x) = x**2 + 777*x + 138995. Give y(-497).
-165
Let q(x) = x**3 - 78*x**2 - 250*x + 639. What is q(81)?
72
Let u(q) = 2*q**2 + 63816*q + 191436. Give u(-3).
6
Let w(b) = 2*b**2 - 2777*b + 729007. Give w(1037).
-4
Let q(t) = 612992*t + 4290946. Calculate q(-7).
2
Let h(x) = x**2 - 2036*x + 165851. Determine h(85).
16
Let p(d) = -6551*d + 877837. Determine p(134).
3
Let y(u) = -4*u**2 + 12525*u + 50095. Determine y(-4).
-69
Let j(l) = 3655*l + 252188. What is j(-69)?
-7
Let q(p) = -29398*p + 42538915. Give q(1447).
9
Let k(j) = 3*j**3 - 258*j**2 + 1231*j - 69. Determine k(5).
11
Let k(t) = 127*t + 15993. What is k(-126)?
-9
Let p(d) = -4*d**2 + 1041*d - 9131. Determine p(9).
-86
Let m(l) = l**3 - 40*l**2 - 80*l - 2140. Determine m(43).
-33
Let f(k) = -17*k**3 - 1922*k**2 - 117*k - 9. Determine f(-113).
443
Let d(h) = -4*h**3 + 10*h**2 + 233*h - 157. Determine d(-7).
74
Let g(h) = -10712*h + 342792. Calculate g(32).
8
Let b(r) = 2*r**3 + 138*r**2 - 2526*r - 496. Determine b(-84).
8
Let f(s) = -s**3 + 6*s**2 + 5097*s - 25507. What is f(5)?
3
Let c(i) = 289*i**3 - 12*i**2 - 10*i - 3. Calculate c(-2).
-2343
Let l(k) = -k**3 - 31*k**2 + 243*k + 551. What is l(8)?
-1
Let n(z) = -3*z**2 + 158*z - 1559. Determine n(36).
241
Let y(m) = -99*m**2 - 10473*m + 43482. Determine y(4).
6
Let w(l) = l**3 + 298*l**2 + 17301*l + 65. Determine w(-219).
65
Let b(m) = -5*m**2 + 423*m + 2987. What is b(91)?
75
Let g(m) = -2*m**3 - 115*m**2 + 1119*m - 139. Determine g(-66).
59
Let q(k) = -k**2 - 300*k + 8659. Calculate q(23).
1230
Let x(g) = 1875*g + 1370618. Give x(-731).
-7
Let j(s) = -9*s**2 + 114*s + 70. What is j(16)?
-410
Let f(x) = -x**2 - 32*x + 1463. Give f(-58).
-45
Let j(n) = -2*n**2 + 781*n - 76050. What is j(185)?
-15
Let l(o) = -16346*o + 115080. What is l(7)?
658
Let y(z) = 477753*z + 8599559. Give y(-18).
5
Let r(u) = -u**3 - 49*u**2 - 279*u - 181. Calculate r(-43).
722
Let m(u) = -u**3 - 326*u**2 + 5472*u - 145. Give m(-342).
-145
Let s(d) = 10*d**3 - 109*d**2 + 326*d - 4. Give s(5).
151
Let m(r) = 5*r**3 + 119*r**2 + 700*r + 59. What i